te?
True
Suppose -6*k + 9133 + 605 = 0. Suppose -k = 49*i - 52*i. Is i a composite number?
False
Let g = -449 + 3374. Suppose 4*l - 3*a - 3907 = -0*a, -3*l + 4*a + g = 0. Is l prime?
False
Let k(t) = 8*t**2 - 20*t**2 - t**3 - t**2 + 18*t - 23. Is k(-23) composite?
True
Let o be 9 + (3 - -1) + -1. Suppose -o = 4*a - a. Is 1*485*(a - (1 + -6)) a composite number?
True
Let d = -136 - -126. Let p be (d/(-3))/((-6)/(-9)). Suppose 0*f - f + 1650 = -p*h, 4962 = 3*f - 3*h. Is f prime?
False
Suppose 4*i - 37*u - 81412 = -33*u, 4*i - 2*u - 81414 = 0. Is i a prime number?
False
Suppose 22*m + 4*m + 0*m = 495638. Is m composite?
True
Let l = 97296 + 69110. Is l prime?
False
Suppose -15*l + 2*l + 1158558 = -7*l. Is l prime?
True
Let z = 50 + -449. Suppose 0 = -j - 2*s - 32, 95 = -4*j + s + 2*s. Is j/13 - z/1 a composite number?
False
Let y be (1446/5)/(5*(-1)/150). Let l = y - -13655. Is l a composite number?
True
Let o(z) = -z**3 - 7*z**2 - 10*z + 4. Let k be o(-4). Is 150003/6 + 6/k - -2 composite?
True
Let w(f) = 148*f + 16. Let n(u) = 74*u + 9. Let r(h) = -11*n(h) + 6*w(h). Is r(2) a composite number?
True
Let d be (10/(-6))/((-11)/33). Is (-15452)/(-9 + d)*3/3 prime?
True
Let f(o) = 33*o**2 - 14*o + 34. Let j be f(-18). Suppose w - j = -3*i, -13802 - 4490 = -5*i + 3*w. Is i a prime number?
True
Let y(f) = 1645*f**2 - 103*f - 1103. Is y(-15) a composite number?
True
Let r(k) = -2999*k - 588. Is r(-11) prime?
True
Let d be 4 - (-2 - (6 - -4)). Let y = d - 16. Is -293*(5 + -4)*(-1 - y) composite?
False
Is ((-39)/208*8)/((-6)/200828) composite?
False
Let g(r) = -2*r - 7. Let k(l) = -6*l - 21. Let u(n) = 8*g(n) - 3*k(n). Let x be u(-14). Let p = x - -184. Is p a prime number?
True
Let c(w) = -w**3 + 11*w**2 + 67*w + 4. Let z be c(-9). Suppose 4*d = -3*s + 30142, 3*d + 19051 = 2*s - z. Is s a prime number?
False
Suppose -173*x + 168*x - 26880 = 0. Let n = x - -7955. Is n prime?
True
Let n(w) = -4 - 5*w + 8*w - w. Let u be n(0). Is (2361/12)/(u/(-16)) a prime number?
True
Let y(g) be the second derivative of g**5/20 + 11*g**4/12 - 9*g**2 - 18*g. Let n be y(-8). Let r = n + -77. Is r a composite number?
False
Let f = -73 - 3. Let l = f - -79. Suppose 4*j + l*r = -r + 27744, -4*j = 2*r - 27746. Is j a composite number?
True
Suppose 455 = 13*o - 8*o. Let h = o - 55. Let s = 118 - h. Is s a prime number?
False
Let k(a) = 2183*a**2 + 128*a + 803. Is k(-6) composite?
False
Suppose 0 = 2*f + 4*d - 26, 3*f - 3*d + 4*d = 19. Suppose -a = -3*y - 3380, -3*a + f*y + 10158 = 2*y. Is a composite?
False
Is (17299116/(-72))/((-18)/12) composite?
True
Suppose 5*j = 5*i - 1578080, -4*i - 419022 = -2*j - 1681492. Is i composite?
True
Let l = 76537 + -33888. Is l prime?
True
Is 4/38 + (2214398/(-38) + 0)*-3 a prime number?
True
Suppose -2*g + 87576 = 2*h, 0 = -36*h + 48*h - 5*g - 525422. Is h a composite number?
True
Suppose -3*n + 48549 = -13*j + 11*j, -3*n + 48555 = -4*j. Is n a prime number?
False
Let t(h) = 2*h**3 + 2*h**2 - h - 24807. Let a be t(0). Let v = a - -40468. Is v a prime number?
True
Suppose 5*a + 8 = 3*a, -2*i + 45378 = -4*a. Is i composite?
True
Let u be 5 - ((-4)/1 + 7). Let w(b) = 26*b**2 - 9*b - 17. Let c be w(8). Suppose 0 = 2*s - 4*z - 1894, 2*s - 301 = -u*z + c. Is s a prime number?
True
Let l = 13497 + -5018. Is l prime?
False
Is (104/18)/13 - ((-1275225)/27 - 6) prime?
True
Let y(w) = -150*w**3 - 46*w - 242. Is y(-6) a prime number?
False
Suppose 3*v - 78*f = -75*f + 477873, 20 = -5*f. Is v prime?
True
Let u be (-6)/(-15) - -12*(-6)/(-45). Suppose 5*j - u*j = 0. Suppose j = -t - 0*f + 3*f + 148, 0 = t + 4*f - 141. Is t a prime number?
False
Suppose 3*k - b - 56101 = 0, -8 = 4*b - 4. Let n = -12853 + k. Is n prime?
False
Suppose 5*g = 5*z, 4*g + 2*z = z. Let c(b) = b**2 + 3*b + 53. Let m be c(g). Suppose -2*l + 81 = -m. Is l a composite number?
False
Is (-10172372)/(-16) + 4 + 2/(-8) composite?
False
Let a(q) = 89*q**2 + 8*q + 10. Suppose 8 = 4*c + 2*h + 20, 4*h - 4 = -c. Is a(c) prime?
False
Let p(z) be the third derivative of 2*z**5/15 - z**4/3 - 7*z**3/6 - 58*z**2. Is p(7) a composite number?
True
Suppose 3*f = 2*f - 3*f. Suppose -5*k = h + 250 + 1585, 5*k + 20 = f. Let u = h + 2864. Is u a composite number?
False
Suppose -3*c - 6*j + 4*j + 14 = 0, -5*c + 21 = j. Suppose 5*p = -c*k - 6, -4*p = k + 8 - 1. Let h(x) = 109*x**2 - x - 1. Is h(p) prime?
False
Let b(a) be the second derivative of a**3/6 + 19*a**2/2 + 26*a. Let f be b(-17). Suppose -f*u = -1212 - 58. Is u composite?
True
Is ((-8)/(-2) - 9)/((-27)/389097) composite?
True
Let a = 481 + -494. Is (-2 + 339)/(a/(-65)) composite?
True
Let z = 132 - 132. Let r(p) = z*p**2 + 4 - p**2 + 4*p**2 + 4*p + 4*p**2. Is r(17) composite?
True
Let l(k) = -387*k**3 - 6*k**2 - 31*k - 19. Let d(n) = 774*n**3 + 13*n**2 + 66*n + 39. Let p(a) = 6*d(a) + 13*l(a). Is p(-2) prime?
False
Let l = -13 - -25. Let z = -9 + l. Suppose -9 = -z*y, 6*m = 2*m + y + 3145. Is m composite?
False
Suppose 1 = 3*h + 19. Let z be 20/6*((-108)/15)/h. Suppose 2*d = 5*i - 999, -2*i = 2*i - z*d - 804. Is i a prime number?
True
Let x(n) = 4*n**3 + 2. Let q be x(-2). Let i be (-20)/8*3624/q. Suppose -5*w = -813 - i. Is w composite?
False
Suppose -4*c = -384808 - 75304. Let w = -162508 + c. Is -2*(-3)/9 - w/24 prime?
True
Let c(d) = 135*d + 90. Let q be c(7). Suppose 0 = 2*g + 53 - q. Is g a composite number?
False
Let m be (-6)/(-48) - (-184)/64. Suppose 3*r + 2*b - 375 = 4*b, 3*r - m*b = 372. Is r a composite number?
False
Let b(p) = 26*p + 415579. Is b(0) a composite number?
True
Let s = -59 + 58. Let r be -18 - ((4 - 8) + s). Is 404283/143 + 2/r a composite number?
True
Let l(o) = -32*o**3 - 5*o**2 + o + 4. Let v be l(-10). Suppose -5*x + v = -2*f - 9923, -16578 = -2*x - 2*f. Is x a prime number?
False
Suppose -130347 + 855568 = 13*w - 328884. Is w a prime number?
False
Is (4 + 21/(-6))/((-6)/(-3078012)) prime?
False
Let g = -11824 + 36333. Is g a composite number?
False
Suppose 0 = 5*i + 5*u - 1271485, -278*i + 282*i = 3*u + 1017202. Is i a composite number?
False
Let s(b) = -63*b - 71 + 61 + 156*b + 99*b. Let l(i) = -i - 1. Let h(c) = 3*l(c) - s(c). Is h(-4) a prime number?
True
Is (1131702/(-88))/(-39)*4 composite?
False
Let i(y) = -y**3 - y**2 + 2*y. Let u be i(-2). Suppose -4*s + 2*n = -82, -3*n = -3*s + 36 + 27. Suppose u = -5*k + s + 90. Is k prime?
False
Suppose -15*g = -67147 - 19748. Suppose -20*z - g = -23*z. Is z composite?
False
Let d = 7802 + -3242. Suppose -2389 = w - 2*g, -d = 3*w + 4*g + 2597. Is (3 - 2)*0 + w/(-7) a prime number?
False
Suppose -4*c = -0*f - f - 1870, 1858 = -f - 2*c. Let j = -4787 - f. Let v = j - -5852. Is v composite?
False
Let u(p) = -2*p**3 - 7*p**2 + 21*p + 4. Let a be u(-5). Is 3371*(39/a)/(9/(-42)) a prime number?
False
Let g(a) = -48*a + 6. Let p(z) = z + 10. Let u be p(-6). Let o be g(u). Let l = 167 - o. Is l prime?
True
Let i(y) = -13*y - 89. Let s be i(-6). Is 5 + (s - -6) - (-1562)/2 prime?
False
Let w be 4/((-1)/(-7)*2). Let i be (12929/w)/((-2)/4). Let k = 3166 + i. Is k prime?
True
Suppose 3*j = -0*j + 1125. Let w = 637 - j. Is 60/100 + (w/(-5))/(-1) a prime number?
True
Let k(u) = -u**3 - 2*u**2 + 12*u. Let r be k(-4). Let o = r - -16. Is ((-6)/33 - o) + (-984)/(-88) prime?
True
Let d(z) = 7*z**3 + 10*z**2 + 92*z - 124. Is d(27) a prime number?
False
Is 2489753/28*(-2 - 4)*(-4)/6 composite?
False
Let c(h) = h**2 + 8*h + 14. Let p be c(-4). Let w(y) = -y**3 + y**2 + 2. Let v be w(p). Is 288 - (24/21 + (-2)/v) prime?
False
Let q(n) = -2*n**3 - 7*n**2 + n - 4. Let h = 60 + -65. Let y be q(h). Is (-7111)/(-8) + -4 + y/16 a prime number?
False
Let f be (-2 - 4) + -3002 + -27. Is (-5 + 112/20)*f/(-1) a composite number?
True
Is (-108)/189 + (-11657878)/(-14) a composite number?
True
Suppose 3*j + 32755 = k, 0 = -4*k - 0*j + j + 130998. Is k composite?
False
Let o = 82329 - 40070. Is o a composite number?
True
Suppose -14*w - 1836 = -10992. Suppose 3*o + 4*m - w = o, -m = -o + 333. Is o a composite number?
False
Is 2663014/(5 + -4) - 7/35*5 a prime number?
False
Let s = 36 - 34. Let w(r) = -s + 2 + 32*r - 8 + 23*r. Is w(3) prime?
True
Suppose n = w + 3103, -12406 = -2*w + 6*w - n. Let u = -652 - w. Is u a prime number?
False
Suppose 5*a + p + 0*p - 32 = 0, 0 = 2*p - 4. Suppose 2*u - a*u + 